is divided by 100?
99
What is the remainder when 31618 is divided by 510?
508
What is the remainder when 16904 is divided by 483?
482
What is the remainder when 201967 is divided by 301?
297
Calculate the remainder when 599980 is divided by 361.
359
What is the remainder when 2865 is divided by 240?
225
Calculate the remainder when 8161 is divided by 313.
23
Calculate the remainder when 122007 is divided by 490.
487
Calculate the remainder when 18340 is divided by 4577.
32
Calculate the remainder when 130429 is divided by 122.
11
What is the remainder when 95269 is divided by 44?
9
Calculate the remainder when 4788296 is divided by 50.
46
Calculate the remainder when 1107 is divided by 1094.
13
Calculate the remainder when 43326 is divided by 14436.
18
Calculate the remainder when 17963 is divided by 268.
7
What is the remainder when 42322 is divided by 71?
6
What is the remainder when 14617 is divided by 2923?
2
What is the remainder when 6596 is divided by 3168?
260
Calculate the remainder when 39468 is divided by 56.
44
Calculate the remainder when 14692 is divided by 5.
2
Calculate the remainder when 1300020 is divided by 34.
30
What is the remainder when 101386 is divided by 157?
121
What is the remainder when 781854 is divided by 79?
70
Calculate the remainder when 290593 is divided by 35.
23
What is the remainder when 246485 is divided by 46?
17
What is the remainder when 166596 is divided by 9799?
13
What is the remainder when 5564 is divided by 1759?
287
Calculate the remainder when 1833 is divided by 3.
0
Calculate the remainder when 45453 is divided by 15146.
15
Calculate the remainder when 105589 is divided by 531.
451
Calculate the remainder when 68896 is divided by 2995.
11
Calculate the remainder when 1291 is divided by 167.
122
What is the remainder when 7440 is divided by 266?
258
What is the remainder when 19405 is divided by 133?
120
Calculate the remainder when 617514 is divided by 23.
10
Calculate the remainder when 2657 is divided by 1919.
738
What is the remainder when 54141 is divided by 128?
125
Calculate the remainder when 13633 is divided by 6799.
35
Calculate the remainder when 4434 is divided by 314.
38
What is the remainder when 210644 is divided by 1269?
1259
Calculate the remainder when 4180 is divided by 61.
32
Calculate the remainder when 47521 is divided by 436.
433
What is the remainder when 1016 is divided by 12?
8
Calculate the remainder when 256237 is divided by 8007.
13
What is the remainder when 277336 is divided by 7?
3
What is the remainder when 1207768 is divided by 301939?
12
Calculate the remainder when 579386 is divided by 115876.
6
Calculate the remainder when 96305 is divided by 19255.
30
Calculate the remainder when 1026 is divided by 21.
18
What is the remainder when 943388 is divided by 744?
740
Calculate the remainder when 123188 is divided by 33.
32
Calculate the remainder when 8034 is divided by 446.
6
What is the remainder when 7355 is divided by 931?
838
What is the remainder when 10262 is divided by 2539?
106
What is the remainder when 37579 is divided by 6253?
61
What is the remainder when 47036 is divided by 47011?
25
Calculate the remainder when 898746 is divided by 59.
58
Calculate the remainder when 215183 is divided by 30.
23
Calculate the remainder when 1019 is divided by 12.
11
What is the remainder when 15288 is divided by 409?
155
Calculate the remainder when 683024 is divided by 525.
524
Calculate the remainder when 858061 is divided by 17876.
13
Calculate the remainder when 2278 is divided by 66.
34
Calculate the remainder when 2936 is divided by 183.
8
Calculate the remainder when 1955 is divided by 20.
15
What is the remainder when 5706 is divided by 19?
6
Calculate the remainder when 7443 is divided by 2478.
9
Calculate the remainder when 17968 is divided by 4492.
0
Calculate the remainder when 868772 is divided by 12.
8
What is the remainder when 808 is divided by 24?
16
Calculate the remainder when 121354 is divided by 30328.
42
What is the remainder when 374 is divided by 31?
2
What is the remainder when 10834 is divided by 10723?
111
What is the remainder when 184994 is divided by 46248?
2
Calculate the remainder when 57783 is divided by 19259.
6
Calculate the remainder when 7835 is divided by 7798.
37
Calculate the remainder when 600 is divided by 343.
257
Calculate the remainder when 14588 is divided by 318.
278
What is the remainder when 4549 is divided by 25?
24
What is the remainder when 37945 is divided by 15?
10
Calculate the remainder when 439 is divided by 110.
109
What is the remainder when 556511 is divided by 24?
23
Calculate the remainder when 1417 is divided by 288.
265
Calculate the remainder when 10053 is divided by 348.
309
Calculate the remainder when 185059 is divided by 61.
46
What is the remainder when 231445 is divided by 8?
5
What is the remainder when 58802 is divided by 34?
16
What is the remainder when 5302 is divided by 14?
10
Calculate the remainder when 24545 is divided by 34.
31
Calculate the remainder when 8988 is divided by 39.
18
Calculate the remainder when 40584 is divided by 483.
12
What is the remainder when 972627 is divided by 535?
532
What is the remainder when 1169 is divided by 960?
209
Calculate the remainder when 19365 is divided by 6439.
48
Calculate the remainder when 67597 is divided by 25.
22
Calculate the remainder when 410813 is divided by 98.
95
What is the remainder when 5863 is divided by 2923?
17
What is the remainder when 135 is divided by 53?
29
Calculate the remainder when 2209 is divided by 628.
325
What is the remainder when 3341 is divided by 3332?
9
What is the remainder when 55330 is divided by 57?
40
What is the remainder when 80029 is divided by 151?
150
What is the remainder when 221905 is divided by 634?
5
Calculate the remainder when 23395 is divided by 26.
21
What is the remainder when 440070 is divided by 243?
240
Calculate the remainder when 14353 is divided by 15.
13
Calculate the remainder when 10523 is divided by 112.
107
What is the remainder when 17153 is divided by 26?
19
What is the remainder when 10834 is divided by 59?
37
What is the remainder when 12436 is divided by 478?
8
What is the remainder when 797 is divided by 289?
219
Calculate the remainder when 100070 is divided by 24998.
78
Calculate the remainder when 19036 is divided by 160.
156
Calculate the remainder when 80747 is divided by 2780.
127
What is the remainder when 1567 is divided by 131?
126
What is the remainder when 60884 is divided by 41?
40
What is the remainder when 5591 is divided by 13?
1
What is the remainder when 1680 is divided by 564?
552
Calculate the remainder when 48550 is divided by 195.
190
What is the remainder when 2074277 is divided by 49?
9
Calculate the remainder when 916931 is divided by 23511.
2
Calculate the remainder when 7807 is divided by 186.
181
What is the remainder when 203385 is divided by 12?
9
Calculate the remainder when 1688 is divided by 1685.
3
What is the remainder when 96217 is divided by 47?
8
Calculate the remainder when 406333 is divided by 135442.
7
What is the remainder when 2474 is divided by 849?
776
What is the remainder when 1212419 is divided by 1002?
1001
Calculate the remainder when 15521 is divided by 499.
52
Calculate the remainder when 598 is divided by 326.
272
What is the remainder when 8834 is divided by 17?
11
What is the remainder when 126296 is divided by 181?
139
What is the remainder when 114892 is divided by 117?
115
What is the remainder when 174 is divided by 107?
67
What is the remainder when 2904 is divided by 379?
251
Calculate the remainder when 22488 is divided by 46.
40
Calculate the remainder when 26184 is divided by 1898.
1510
What is the remainder when 45046 is divided by 6433?
15
Calculate the remainder when 571444 is divided by 32.
20
Calculate the remainder when 2486 is divided by 1205.
76
Calculate the remainder when 11251 is divided by 11218.
33
What is the remainder when 383319 is divided by 191652?
15
What is the remainder when 123894 is divided by 109?
70
What is the remainder when 27122 is divided by 13556?
10
What is the remainder when 29788 is divided by 9926?
10
What is the remainder when 16946 is divided by 253?
248
Calculate the remai